{"id":814,"date":"2018-08-30T15:07:15","date_gmt":"2018-08-30T18:07:15","guid":{"rendered":"https:\/\/iscl-for.infd.edu.ar\/sitio\/datos-institucionales\/"},"modified":"2022-03-30T16:52:52","modified_gmt":"2022-03-30T19:52:52","slug":"datos-institucionales","status":"publish","type":"page","link":"https:\/\/iscl-for.infd.edu.ar\/sitio\/datos-institucionales\/","title":{"rendered":"Datos institucionales"},"content":{"rendered":"<h2><span style=\"color: #0000ff;\"><span style=\"font-family: verdana; font-size: 10pt;\">I.S.F.D.C. y T. <strong>\u00bb Santa Catalina<\/strong><\/span><strong><span style=\"font-family: verdana; font-size: 10pt;\"> Labour\u00e9\u00bb<\/span><\/strong><span style=\"font-family: verdana; font-size: 10pt;\"> &#8211; \u00d16<\/span><\/span><\/h2>\n<ul>\n<li>\n<h4><span style=\"font-family: verdana; font-size: 10pt;\">Horarios de atenci\u00f3n Nivel Superior: 14:20 a 20:00 hs.<\/span><\/h4>\n<\/li>\n<\/ul>\n<ul>\n<li>\n<h4><span style=\"font-family: verdana; font-size: 10pt;\">Direcci\u00f3n: San Vicente de Paul 1250<\/span><\/h4>\n<\/li>\n<\/ul>\n<ul>\n<li>\n<h4><span style=\"font-family: verdana; font-size: 10pt;\">Tel\u00e9fono: 03718-426515<\/span><\/h4>\n<\/li>\n<\/ul>\n<ul>\n<li>\n<h4><span style=\"font-family: verdana; font-size: 10pt;\">E-mail de consultas: <a href=\"mailto:isfdsantacatalina@gmail.com\">isfdsantacatalina@gmail.com<\/a><\/span><\/h4>\n<\/li>\n<\/ul>\n\n\n<p><\/p>\n","protected":false},"excerpt":{"rendered":"<p>I.S.F.D.C. y T. \u00bb Santa Catalina Labour\u00e9\u00bb &#8211; \u00d16 Horarios de atenci\u00f3n Nivel Superior: 14:20 a 20:00 hs. Direcci\u00f3n: San Vicente de Paul 1250 Tel\u00e9fono: 03718-426515 E-mail de consultas: isfdsantacatalina@gmail.com<\/p>\n","protected":false},"author":866,"featured_media":0,"parent":0,"menu_order":0,"comment_status":"closed","ping_status":"closed","template":"","meta":[],"acf":[],"_links":{"self":[{"href":"https:\/\/iscl-for.infd.edu.ar\/sitio\/wp-json\/wp\/v2\/pages\/814"}],"collection":[{"href":"https:\/\/iscl-for.infd.edu.ar\/sitio\/wp-json\/wp\/v2\/pages"}],"about":[{"href":"https:\/\/iscl-for.infd.edu.ar\/sitio\/wp-json\/wp\/v2\/types\/page"}],"author":[{"embeddable":true,"href":"https:\/\/iscl-for.infd.edu.ar\/sitio\/wp-json\/wp\/v2\/users\/866"}],"replies":[{"embeddable":true,"href":"https:\/\/iscl-for.infd.edu.ar\/sitio\/wp-json\/wp\/v2\/comments?post=814"}],"version-history":[{"count":9,"href":"https:\/\/iscl-for.infd.edu.ar\/sitio\/wp-json\/wp\/v2\/pages\/814\/revisions"}],"predecessor-version":[{"id":1116,"href":"https:\/\/iscl-for.infd.edu.ar\/sitio\/wp-json\/wp\/v2\/pages\/814\/revisions\/1116"}],"wp:attachment":[{"href":"https:\/\/iscl-for.infd.edu.ar\/sitio\/wp-json\/wp\/v2\/media?parent=814"}],"curies":[{"name":"wp","href":"https:\/\/api.w.org\/{rel}","templated":true}]}}